{"id":40574,"date":"2026-04-28T14:01:29","date_gmt":"2026-04-28T14:01:29","guid":{"rendered":"https:\/\/www.espaigirones.com\/?post_type=events&#038;p=40574"},"modified":"2026-04-28T14:05:52","modified_gmt":"2026-04-28T14:05:52","slug":"taller-infantil-para-el-dia-de-la-madre","status":"publish","type":"events","link":"https:\/\/www.espaigirones.com\/es\/events\/taller-infantil-para-el-dia-de-la-madre\/","title":{"rendered":"TALLER INFANTIL PARA EL D\u00cdA DE LA MADRE"},"content":{"rendered":"<p>\u00a1Crearemos flores de papel con los<strong> peque\u00f1os y peque\u00f1as a partir de 7 a\u00f1os, acompa\u00f1ados\/as de sus madres<\/strong>!\u2728\ud83c\udf37 \u00a1Seguro que recordar\u00e1n esta actividad con mucha ilusi\u00f3n!\ud83e\udd17<\/p>\n<p>&nbsp;<\/p>\n<p>\u23f0S\u00e1bado 2 de mayo, de 11h a 13h y de 17h a 19h, en la entrada principal.<\/p>\n<p>&nbsp;<\/p>\n<p>*Actividad de acceso libre, siempre que haya sitio.<\/p>\n","protected":false},"featured_media":40573,"template":"","class_list":["post-40574","events","type-events","status-publish","has-post-thumbnail","hentry"],"yoast_head":"<!-- This site is optimized with the Yoast SEO plugin v22.2 - https:\/\/yoast.com\/wordpress\/plugins\/seo\/ -->\n<title>TALLER INFANTIL PARA EL D\u00cdA DE LA MADRE - Espai Giron\u00e8s<\/title>\n<meta name=\"robots\" content=\"index, follow, max-snippet:-1, max-image-preview:large, max-video-preview:-1\" \/>\n<link rel=\"canonical\" href=\"https:\/\/www.espaigirones.com\/es\/events\/taller-infantil-para-el-dia-de-la-madre\/\" \/>\n<meta property=\"og:locale\" content=\"es_ES\" \/>\n<meta property=\"og:type\" content=\"article\" \/>\n<meta property=\"og:title\" content=\"TALLER INFANTIL PARA EL D\u00cdA DE LA MADRE - Espai Giron\u00e8s\" \/>\n<meta property=\"og:description\" content=\"\u00a1Crearemos flores de papel con los peque\u00f1os y peque\u00f1as a partir de 7 a\u00f1os, acompa\u00f1ados\/as de sus madres!\u2728\ud83c\udf37 \u00a1Seguro que recordar\u00e1n esta actividad con mucha ilusi\u00f3n!\ud83e\udd17 &nbsp; \u23f0S\u00e1bado 2 de mayo, de 11h a 13h y de 17h a 19h, en la entrada principal. &nbsp; *Actividad de acceso libre, siempre que haya sitio.\" \/>\n<meta property=\"og:url\" content=\"https:\/\/www.espaigirones.com\/es\/events\/taller-infantil-para-el-dia-de-la-madre\/\" \/>\n<meta property=\"og:site_name\" content=\"Espai Giron\u00e8s\" \/>\n<meta property=\"article:modified_time\" content=\"2026-04-28T14:05:52+00:00\" \/>\n<meta property=\"og:image\" content=\"https:\/\/www.espaigirones.com\/wp-content\/uploads\/sites\/11\/2026\/04\/featured-image-esdeveniments-web-taller-flors.jpg\" \/>\n\t<meta property=\"og:image:width\" content=\"2560\" \/>\n\t<meta property=\"og:image:height\" content=\"1468\" \/>\n\t<meta property=\"og:image:type\" content=\"image\/jpeg\" \/>\n<meta name=\"twitter:card\" content=\"summary_large_image\" \/>\n<meta name=\"twitter:label1\" content=\"Tiempo de lectura\" \/>\n\t<meta name=\"twitter:data1\" content=\"1 minuto\" \/>\n<script type=\"application\/ld+json\" class=\"yoast-schema-graph\">{\"@context\":\"https:\/\/schema.org\",\"@graph\":[{\"@type\":\"WebPage\",\"@id\":\"https:\/\/www.espaigirones.com\/es\/events\/taller-infantil-para-el-dia-de-la-madre\/\",\"url\":\"https:\/\/www.espaigirones.com\/es\/events\/taller-infantil-para-el-dia-de-la-madre\/\",\"name\":\"TALLER INFANTIL PARA EL D\u00cdA DE LA MADRE - Espai Giron\u00e8s\",\"isPartOf\":{\"@id\":\"https:\/\/www.espaigirones.com\/#website\"},\"primaryImageOfPage\":{\"@id\":\"https:\/\/www.espaigirones.com\/es\/events\/taller-infantil-para-el-dia-de-la-madre\/#primaryimage\"},\"image\":{\"@id\":\"https:\/\/www.espaigirones.com\/es\/events\/taller-infantil-para-el-dia-de-la-madre\/#primaryimage\"},\"thumbnailUrl\":\"https:\/\/www.espaigirones.com\/wp-content\/uploads\/sites\/11\/2026\/04\/featured-image-esdeveniments-web-taller-flors.jpg\",\"datePublished\":\"2026-04-28T14:01:29+00:00\",\"dateModified\":\"2026-04-28T14:05:52+00:00\",\"breadcrumb\":{\"@id\":\"https:\/\/www.espaigirones.com\/es\/events\/taller-infantil-para-el-dia-de-la-madre\/#breadcrumb\"},\"inLanguage\":\"es\",\"potentialAction\":[{\"@type\":\"ReadAction\",\"target\":[\"https:\/\/www.espaigirones.com\/es\/events\/taller-infantil-para-el-dia-de-la-madre\/\"]}]},{\"@type\":\"ImageObject\",\"inLanguage\":\"es\",\"@id\":\"https:\/\/www.espaigirones.com\/es\/events\/taller-infantil-para-el-dia-de-la-madre\/#primaryimage\",\"url\":\"https:\/\/www.espaigirones.com\/wp-content\/uploads\/sites\/11\/2026\/04\/featured-image-esdeveniments-web-taller-flors.jpg\",\"contentUrl\":\"https:\/\/www.espaigirones.com\/wp-content\/uploads\/sites\/11\/2026\/04\/featured-image-esdeveniments-web-taller-flors.jpg\",\"width\":2560,\"height\":1468},{\"@type\":\"BreadcrumbList\",\"@id\":\"https:\/\/www.espaigirones.com\/es\/events\/taller-infantil-para-el-dia-de-la-madre\/#breadcrumb\",\"itemListElement\":[{\"@type\":\"ListItem\",\"position\":1,\"name\":\"Events\",\"item\":\"https:\/\/www.espaigirones.com\/events\/\"},{\"@type\":\"ListItem\",\"position\":2,\"name\":\"TALLER INFANTIL PARA EL D\u00cdA DE LA MADRE\"}]},{\"@type\":\"WebSite\",\"@id\":\"https:\/\/www.espaigirones.com\/#website\",\"url\":\"https:\/\/www.espaigirones.com\/\",\"name\":\"Espai Giron\u00e8s\",\"description\":\"\",\"potentialAction\":[{\"@type\":\"SearchAction\",\"target\":{\"@type\":\"EntryPoint\",\"urlTemplate\":\"https:\/\/www.espaigirones.com\/?s={search_term_string}\"},\"query-input\":\"required name=search_term_string\"}],\"inLanguage\":\"es\"}]}<\/script>\n<!-- \/ Yoast SEO plugin. -->","yoast_head_json":{"title":"TALLER INFANTIL PARA EL D\u00cdA DE LA MADRE - Espai Giron\u00e8s","robots":{"index":"index","follow":"follow","max-snippet":"max-snippet:-1","max-image-preview":"max-image-preview:large","max-video-preview":"max-video-preview:-1"},"canonical":"https:\/\/www.espaigirones.com\/es\/events\/taller-infantil-para-el-dia-de-la-madre\/","og_locale":"es_ES","og_type":"article","og_title":"TALLER INFANTIL PARA EL D\u00cdA DE LA MADRE - Espai Giron\u00e8s","og_description":"\u00a1Crearemos flores de papel con los peque\u00f1os y peque\u00f1as a partir de 7 a\u00f1os, acompa\u00f1ados\/as de sus madres!\u2728\ud83c\udf37 \u00a1Seguro que recordar\u00e1n esta actividad con mucha ilusi\u00f3n!\ud83e\udd17 &nbsp; \u23f0S\u00e1bado 2 de mayo, de 11h a 13h y de 17h a 19h, en la entrada principal. &nbsp; *Actividad de acceso libre, siempre que haya sitio.","og_url":"https:\/\/www.espaigirones.com\/es\/events\/taller-infantil-para-el-dia-de-la-madre\/","og_site_name":"Espai Giron\u00e8s","article_modified_time":"2026-04-28T14:05:52+00:00","og_image":[{"width":2560,"height":1468,"url":"https:\/\/www.espaigirones.com\/wp-content\/uploads\/sites\/11\/2026\/04\/featured-image-esdeveniments-web-taller-flors.jpg","type":"image\/jpeg"}],"twitter_card":"summary_large_image","twitter_misc":{"Tiempo de lectura":"1 minuto"},"schema":{"@context":"https:\/\/schema.org","@graph":[{"@type":"WebPage","@id":"https:\/\/www.espaigirones.com\/es\/events\/taller-infantil-para-el-dia-de-la-madre\/","url":"https:\/\/www.espaigirones.com\/es\/events\/taller-infantil-para-el-dia-de-la-madre\/","name":"TALLER INFANTIL PARA EL D\u00cdA DE LA MADRE - Espai Giron\u00e8s","isPartOf":{"@id":"https:\/\/www.espaigirones.com\/#website"},"primaryImageOfPage":{"@id":"https:\/\/www.espaigirones.com\/es\/events\/taller-infantil-para-el-dia-de-la-madre\/#primaryimage"},"image":{"@id":"https:\/\/www.espaigirones.com\/es\/events\/taller-infantil-para-el-dia-de-la-madre\/#primaryimage"},"thumbnailUrl":"https:\/\/www.espaigirones.com\/wp-content\/uploads\/sites\/11\/2026\/04\/featured-image-esdeveniments-web-taller-flors.jpg","datePublished":"2026-04-28T14:01:29+00:00","dateModified":"2026-04-28T14:05:52+00:00","breadcrumb":{"@id":"https:\/\/www.espaigirones.com\/es\/events\/taller-infantil-para-el-dia-de-la-madre\/#breadcrumb"},"inLanguage":"es","potentialAction":[{"@type":"ReadAction","target":["https:\/\/www.espaigirones.com\/es\/events\/taller-infantil-para-el-dia-de-la-madre\/"]}]},{"@type":"ImageObject","inLanguage":"es","@id":"https:\/\/www.espaigirones.com\/es\/events\/taller-infantil-para-el-dia-de-la-madre\/#primaryimage","url":"https:\/\/www.espaigirones.com\/wp-content\/uploads\/sites\/11\/2026\/04\/featured-image-esdeveniments-web-taller-flors.jpg","contentUrl":"https:\/\/www.espaigirones.com\/wp-content\/uploads\/sites\/11\/2026\/04\/featured-image-esdeveniments-web-taller-flors.jpg","width":2560,"height":1468},{"@type":"BreadcrumbList","@id":"https:\/\/www.espaigirones.com\/es\/events\/taller-infantil-para-el-dia-de-la-madre\/#breadcrumb","itemListElement":[{"@type":"ListItem","position":1,"name":"Events","item":"https:\/\/www.espaigirones.com\/events\/"},{"@type":"ListItem","position":2,"name":"TALLER INFANTIL PARA EL D\u00cdA DE LA MADRE"}]},{"@type":"WebSite","@id":"https:\/\/www.espaigirones.com\/#website","url":"https:\/\/www.espaigirones.com\/","name":"Espai Giron\u00e8s","description":"","potentialAction":[{"@type":"SearchAction","target":{"@type":"EntryPoint","urlTemplate":"https:\/\/www.espaigirones.com\/?s={search_term_string}"},"query-input":"required name=search_term_string"}],"inLanguage":"es"}]}},"_links":{"self":[{"href":"https:\/\/www.espaigirones.com\/es\/wp-json\/wp\/v2\/events\/40574","targetHints":{"allow":["GET"]}}],"collection":[{"href":"https:\/\/www.espaigirones.com\/es\/wp-json\/wp\/v2\/events"}],"about":[{"href":"https:\/\/www.espaigirones.com\/es\/wp-json\/wp\/v2\/types\/events"}],"wp:featuredmedia":[{"embeddable":true,"href":"https:\/\/www.espaigirones.com\/es\/wp-json\/wp\/v2\/media\/40573"}],"wp:attachment":[{"href":"https:\/\/www.espaigirones.com\/es\/wp-json\/wp\/v2\/media?parent=40574"}],"curies":[{"name":"wp","href":"https:\/\/api.w.org\/{rel}","templated":true}]}}

TALLER INFANTIL PARA EL DÍA DE LA MADRE

<p>¡Crearemos flores de papel con los<strong> pequeños y pequeñas a partir de 7 años, acompañados/as de sus madres</strong>!✨🌷 ¡Seguro que recordarán esta actividad con mucha ilusión!🤗</p>
<p>&nbsp;</p>
<p>⏰Sábado 2 de mayo, de 11h a 13h y de 17h a 19h, en la entrada principal.</p>
<p>&nbsp;</p>
<p>*Actividad de acceso libre, siempre que haya sitio.</p>

<!-- This site is optimized with the Yoast SEO plugin v22.2 - https://yoast.com/wordpress/plugins/seo/ -->
<title>TALLER INFANTIL PARA EL DÍA DE LA MADRE - Espai Gironès</title>
<meta name="robots" content="index, follow, max-snippet:-1, max-image-preview:large, max-video-preview:-1" />
<link rel="canonical" href="https://www.espaigirones.com/es/events/taller-infantil-para-el-dia-de-la-madre/" />
<meta property="og:locale" content="es_ES" />
<meta property="og:type" content="article" />
<meta property="og:title" content="TALLER INFANTIL PARA EL DÍA DE LA MADRE - Espai Gironès" />
<meta property="og:description" content="¡Crearemos flores de papel con los pequeños y pequeñas a partir de 7 años, acompañados/as de sus madres!✨🌷 ¡Seguro que recordarán esta actividad con mucha ilusión!🤗 &nbsp; ⏰Sábado 2 de mayo, de 11h a 13h y de 17h a 19h, en la entrada principal. &nbsp; *Actividad de acceso libre, siempre que haya sitio." />
<meta property="og:url" content="https://www.espaigirones.com/es/events/taller-infantil-para-el-dia-de-la-madre/" />
<meta property="og:site_name" content="Espai Gironès" />
<meta property="article:modified_time" content="2026-04-28T14:05:52+00:00" />
<meta property="og:image" content="https://www.espaigirones.com/wp-content/uploads/sites/11/2026/04/featured-image-esdeveniments-web-taller-flors.jpg" />
	<meta property="og:image:width" content="2560" />
	<meta property="og:image:height" content="1468" />
	<meta property="og:image:type" content="image/jpeg" />
<meta name="twitter:card" content="summary_large_image" />
<meta name="twitter:label1" content="Tiempo de lectura" />
	<meta name="twitter:data1" content="1 minuto" />
<script type="application/ld+json" class="yoast-schema-graph">{"@context":"https://schema.org","@graph":[{"@type":"WebPage","@id":"https://www.espaigirones.com/es/events/taller-infantil-para-el-dia-de-la-madre/","url":"https://www.espaigirones.com/es/events/taller-infantil-para-el-dia-de-la-madre/","name":"TALLER INFANTIL PARA EL DÍA DE LA MADRE - Espai Gironès","isPartOf":{"@id":"https://www.espaigirones.com/#website"},"primaryImageOfPage":{"@id":"https://www.espaigirones.com/es/events/taller-infantil-para-el-dia-de-la-madre/#primaryimage"},"image":{"@id":"https://www.espaigirones.com/es/events/taller-infantil-para-el-dia-de-la-madre/#primaryimage"},"thumbnailUrl":"https://www.espaigirones.com/wp-content/uploads/sites/11/2026/04/featured-image-esdeveniments-web-taller-flors.jpg","datePublished":"2026-04-28T14:01:29+00:00","dateModified":"2026-04-28T14:05:52+00:00","breadcrumb":{"@id":"https://www.espaigirones.com/es/events/taller-infantil-para-el-dia-de-la-madre/#breadcrumb"},"inLanguage":"es","potentialAction":[{"@type":"ReadAction","target":["https://www.espaigirones.com/es/events/taller-infantil-para-el-dia-de-la-madre/"]}]},{"@type":"ImageObject","inLanguage":"es","@id":"https://www.espaigirones.com/es/events/taller-infantil-para-el-dia-de-la-madre/#primaryimage","url":"https://www.espaigirones.com/wp-content/uploads/sites/11/2026/04/featured-image-esdeveniments-web-taller-flors.jpg","contentUrl":"https://www.espaigirones.com/wp-content/uploads/sites/11/2026/04/featured-image-esdeveniments-web-taller-flors.jpg","width":2560,"height":1468},{"@type":"BreadcrumbList","@id":"https://www.espaigirones.com/es/events/taller-infantil-para-el-dia-de-la-madre/#breadcrumb","itemListElement":[{"@type":"ListItem","position":1,"name":"Events","item":"https://www.espaigirones.com/events/"},{"@type":"ListItem","position":2,"name":"TALLER INFANTIL PARA EL DÍA DE LA MADRE"}]},{"@type":"WebSite","@id":"https://www.espaigirones.com/#website","url":"https://www.espaigirones.com/","name":"Espai Gironès","description":"","potentialAction":[{"@type":"SearchAction","target":{"@type":"EntryPoint","urlTemplate":"https://www.espaigirones.com/?s={search_term_string}"},"query-input":"required name=search_term_string"}],"inLanguage":"es"}]}</script>
<!-- / Yoast SEO plugin. -->

TALLER INFANTIL PARA EL DÍA DE LA MADRE - Espai Gironès

¡Crearemos flores de papel con los pequeños y pequeñas a partir de 7 años, acompañados/as de sus madres!✨🌷 ¡Seguro que recordarán esta actividad con mucha ilusión!🤗 &nbsp; ⏰Sábado 2 de mayo, de 11h a 13h y de 17h a 19h, en la entrada principal. &nbsp; *Actividad de acceso libre, siempre que haya sitio.

Espai Gironès
