{"id":32011,"date":"2024-04-17T10:58:05","date_gmt":"2024-04-17T10:58:05","guid":{"rendered":"https:\/\/www.espaigirones.com\/events\/signatures-sant-jordi-fnac\/"},"modified":"2024-04-17T11:06:13","modified_gmt":"2024-04-17T11:06:13","slug":"signatures-sant-jordi-fnac","status":"publish","type":"events","link":"https:\/\/www.espaigirones.com\/fr\/events\/signatures-sant-jordi-fnac\/","title":{"rendered":"Signatures Sant Jordi &#8211; FNAC"},"content":{"rendered":"<p><span class=\"jCAhz ChMk0b\"><span class=\"ryNqvb\">Ce samedi vous avez rendez-vous \u00e0 la Fnac dans l&rsquo;Espai Giron\u00e8s, o\u00f9 il se passe toujours des choses int\u00e9ressantes \ud83d\ude0f<\/span><\/span><\/p>\n<p><span class=\"jCAhz ChMk0b\"><span class=\"ryNqvb\">Nous nous dirigeons vers Sant Jordi et pour c\u00e9l\u00e9brer ce samedi 20 avril, la d\u00e9dicace du livre aura lieu de 11h30 \u00e0 12h30, vous ne voudrez pas la manquer !<\/span><\/span> <span class=\"jCAhz ChMk0b\"><span class=\"ryNqvb\">\ud83d\ude09<\/span><\/span><\/p>\n<p><span class=\"jCAhz ChMk0b\"><span class=\"ryNqvb\">\ud83d\udccdDevant son magasin.<\/span><\/span><\/p>\n","protected":false},"featured_media":32008,"template":"","class_list":["post-32011","events","type-events","status-publish","has-post-thumbnail","hentry"],"yoast_head":"<!-- This site is optimized with the Yoast SEO plugin v22.2 - https:\/\/yoast.com\/wordpress\/plugins\/seo\/ -->\n<title>Signatures Sant Jordi - FNAC - Espai Giron\u00e8s<\/title>\n<meta name=\"robots\" content=\"index, follow, max-snippet:-1, max-image-preview:large, max-video-preview:-1\" \/>\n<link rel=\"canonical\" href=\"https:\/\/www.espaigirones.com\/fr\/events\/signatures-sant-jordi-fnac\/\" \/>\n<meta property=\"og:locale\" content=\"fr_FR\" \/>\n<meta property=\"og:type\" content=\"article\" \/>\n<meta property=\"og:title\" content=\"Signatures Sant Jordi - FNAC - Espai Giron\u00e8s\" \/>\n<meta property=\"og:description\" content=\"Ce samedi vous avez rendez-vous \u00e0 la Fnac dans l&rsquo;Espai Giron\u00e8s, o\u00f9 il se passe toujours des choses int\u00e9ressantes \ud83d\ude0f Nous nous dirigeons vers Sant Jordi et pour c\u00e9l\u00e9brer ce samedi 20 avril, la d\u00e9dicace du livre aura lieu de 11h30 \u00e0 12h30, vous ne voudrez pas la manquer ! \ud83d\ude09 \ud83d\udccdDevant son magasin.\" \/>\n<meta property=\"og:url\" content=\"https:\/\/www.espaigirones.com\/fr\/events\/signatures-sant-jordi-fnac\/\" \/>\n<meta property=\"og:site_name\" content=\"Espai Giron\u00e8s\" \/>\n<meta property=\"article:modified_time\" content=\"2024-04-17T11:06:13+00:00\" \/>\n<meta property=\"og:image\" content=\"https:\/\/www.espaigirones.com\/wp-content\/uploads\/sites\/11\/2024\/04\/POST_Girona_20abril_SJ24.jpg\" \/>\n\t<meta property=\"og:image:width\" content=\"1080\" \/>\n\t<meta property=\"og:image:height\" content=\"1080\" \/>\n\t<meta property=\"og:image:type\" content=\"image\/jpeg\" \/>\n<meta name=\"twitter:card\" content=\"summary_large_image\" \/>\n<meta name=\"twitter:label1\" content=\"Dur\u00e9e de lecture estim\u00e9e\" \/>\n\t<meta name=\"twitter:data1\" content=\"1 minute\" \/>\n<script type=\"application\/ld+json\" class=\"yoast-schema-graph\">{\"@context\":\"https:\/\/schema.org\",\"@graph\":[{\"@type\":\"WebPage\",\"@id\":\"https:\/\/www.espaigirones.com\/fr\/events\/signatures-sant-jordi-fnac\/\",\"url\":\"https:\/\/www.espaigirones.com\/fr\/events\/signatures-sant-jordi-fnac\/\",\"name\":\"Signatures Sant Jordi - FNAC - Espai Giron\u00e8s\",\"isPartOf\":{\"@id\":\"https:\/\/www.espaigirones.com\/#website\"},\"primaryImageOfPage\":{\"@id\":\"https:\/\/www.espaigirones.com\/fr\/events\/signatures-sant-jordi-fnac\/#primaryimage\"},\"image\":{\"@id\":\"https:\/\/www.espaigirones.com\/fr\/events\/signatures-sant-jordi-fnac\/#primaryimage\"},\"thumbnailUrl\":\"https:\/\/www.espaigirones.com\/wp-content\/uploads\/sites\/11\/2024\/04\/POST_Girona_20abril_SJ24.jpg\",\"datePublished\":\"2024-04-17T10:58:05+00:00\",\"dateModified\":\"2024-04-17T11:06:13+00:00\",\"breadcrumb\":{\"@id\":\"https:\/\/www.espaigirones.com\/fr\/events\/signatures-sant-jordi-fnac\/#breadcrumb\"},\"inLanguage\":\"fr-FR\",\"potentialAction\":[{\"@type\":\"ReadAction\",\"target\":[\"https:\/\/www.espaigirones.com\/fr\/events\/signatures-sant-jordi-fnac\/\"]}]},{\"@type\":\"ImageObject\",\"inLanguage\":\"fr-FR\",\"@id\":\"https:\/\/www.espaigirones.com\/fr\/events\/signatures-sant-jordi-fnac\/#primaryimage\",\"url\":\"https:\/\/www.espaigirones.com\/wp-content\/uploads\/sites\/11\/2024\/04\/POST_Girona_20abril_SJ24.jpg\",\"contentUrl\":\"https:\/\/www.espaigirones.com\/wp-content\/uploads\/sites\/11\/2024\/04\/POST_Girona_20abril_SJ24.jpg\",\"width\":1080,\"height\":1080},{\"@type\":\"BreadcrumbList\",\"@id\":\"https:\/\/www.espaigirones.com\/fr\/events\/signatures-sant-jordi-fnac\/#breadcrumb\",\"itemListElement\":[{\"@type\":\"ListItem\",\"position\":1,\"name\":\"Events\",\"item\":\"https:\/\/www.espaigirones.com\/events\/\"},{\"@type\":\"ListItem\",\"position\":2,\"name\":\"Signatures Sant Jordi &#8211; FNAC\"}]},{\"@type\":\"WebSite\",\"@id\":\"https:\/\/www.espaigirones.com\/#website\",\"url\":\"https:\/\/www.espaigirones.com\/\",\"name\":\"Espai Giron\u00e8s\",\"description\":\"\",\"potentialAction\":[{\"@type\":\"SearchAction\",\"target\":{\"@type\":\"EntryPoint\",\"urlTemplate\":\"https:\/\/www.espaigirones.com\/?s={search_term_string}\"},\"query-input\":\"required name=search_term_string\"}],\"inLanguage\":\"fr-FR\"}]}<\/script>\n<!-- \/ Yoast SEO plugin. -->","yoast_head_json":{"title":"Signatures Sant Jordi - FNAC - Espai Giron\u00e8s","robots":{"index":"index","follow":"follow","max-snippet":"max-snippet:-1","max-image-preview":"max-image-preview:large","max-video-preview":"max-video-preview:-1"},"canonical":"https:\/\/www.espaigirones.com\/fr\/events\/signatures-sant-jordi-fnac\/","og_locale":"fr_FR","og_type":"article","og_title":"Signatures Sant Jordi - FNAC - Espai Giron\u00e8s","og_description":"Ce samedi vous avez rendez-vous \u00e0 la Fnac dans l&rsquo;Espai Giron\u00e8s, o\u00f9 il se passe toujours des choses int\u00e9ressantes \ud83d\ude0f Nous nous dirigeons vers Sant Jordi et pour c\u00e9l\u00e9brer ce samedi 20 avril, la d\u00e9dicace du livre aura lieu de 11h30 \u00e0 12h30, vous ne voudrez pas la manquer ! \ud83d\ude09 \ud83d\udccdDevant son magasin.","og_url":"https:\/\/www.espaigirones.com\/fr\/events\/signatures-sant-jordi-fnac\/","og_site_name":"Espai Giron\u00e8s","article_modified_time":"2024-04-17T11:06:13+00:00","og_image":[{"width":1080,"height":1080,"url":"https:\/\/www.espaigirones.com\/wp-content\/uploads\/sites\/11\/2024\/04\/POST_Girona_20abril_SJ24.jpg","type":"image\/jpeg"}],"twitter_card":"summary_large_image","twitter_misc":{"Dur\u00e9e de lecture estim\u00e9e":"1 minute"},"schema":{"@context":"https:\/\/schema.org","@graph":[{"@type":"WebPage","@id":"https:\/\/www.espaigirones.com\/fr\/events\/signatures-sant-jordi-fnac\/","url":"https:\/\/www.espaigirones.com\/fr\/events\/signatures-sant-jordi-fnac\/","name":"Signatures Sant Jordi - FNAC - Espai Giron\u00e8s","isPartOf":{"@id":"https:\/\/www.espaigirones.com\/#website"},"primaryImageOfPage":{"@id":"https:\/\/www.espaigirones.com\/fr\/events\/signatures-sant-jordi-fnac\/#primaryimage"},"image":{"@id":"https:\/\/www.espaigirones.com\/fr\/events\/signatures-sant-jordi-fnac\/#primaryimage"},"thumbnailUrl":"https:\/\/www.espaigirones.com\/wp-content\/uploads\/sites\/11\/2024\/04\/POST_Girona_20abril_SJ24.jpg","datePublished":"2024-04-17T10:58:05+00:00","dateModified":"2024-04-17T11:06:13+00:00","breadcrumb":{"@id":"https:\/\/www.espaigirones.com\/fr\/events\/signatures-sant-jordi-fnac\/#breadcrumb"},"inLanguage":"fr-FR","potentialAction":[{"@type":"ReadAction","target":["https:\/\/www.espaigirones.com\/fr\/events\/signatures-sant-jordi-fnac\/"]}]},{"@type":"ImageObject","inLanguage":"fr-FR","@id":"https:\/\/www.espaigirones.com\/fr\/events\/signatures-sant-jordi-fnac\/#primaryimage","url":"https:\/\/www.espaigirones.com\/wp-content\/uploads\/sites\/11\/2024\/04\/POST_Girona_20abril_SJ24.jpg","contentUrl":"https:\/\/www.espaigirones.com\/wp-content\/uploads\/sites\/11\/2024\/04\/POST_Girona_20abril_SJ24.jpg","width":1080,"height":1080},{"@type":"BreadcrumbList","@id":"https:\/\/www.espaigirones.com\/fr\/events\/signatures-sant-jordi-fnac\/#breadcrumb","itemListElement":[{"@type":"ListItem","position":1,"name":"Events","item":"https:\/\/www.espaigirones.com\/events\/"},{"@type":"ListItem","position":2,"name":"Signatures Sant Jordi &#8211; FNAC"}]},{"@type":"WebSite","@id":"https:\/\/www.espaigirones.com\/#website","url":"https:\/\/www.espaigirones.com\/","name":"Espai Giron\u00e8s","description":"","potentialAction":[{"@type":"SearchAction","target":{"@type":"EntryPoint","urlTemplate":"https:\/\/www.espaigirones.com\/?s={search_term_string}"},"query-input":"required name=search_term_string"}],"inLanguage":"fr-FR"}]}},"_links":{"self":[{"href":"https:\/\/www.espaigirones.com\/fr\/wp-json\/wp\/v2\/events\/32011","targetHints":{"allow":["GET"]}}],"collection":[{"href":"https:\/\/www.espaigirones.com\/fr\/wp-json\/wp\/v2\/events"}],"about":[{"href":"https:\/\/www.espaigirones.com\/fr\/wp-json\/wp\/v2\/types\/events"}],"wp:featuredmedia":[{"embeddable":true,"href":"https:\/\/www.espaigirones.com\/fr\/wp-json\/wp\/v2\/media\/32008"}],"wp:attachment":[{"href":"https:\/\/www.espaigirones.com\/fr\/wp-json\/wp\/v2\/media?parent=32011"}],"curies":[{"name":"wp","href":"https:\/\/api.w.org\/{rel}","templated":true}]}}

<p><span class="jCAhz ChMk0b"><span class="ryNqvb">Ce samedi vous avez rendez-vous à la Fnac dans l&rsquo;Espai Gironès, où il se passe toujours des choses intéressantes 😏</span></span></p>
<p><span class="jCAhz ChMk0b"><span class="ryNqvb">Nous nous dirigeons vers Sant Jordi et pour célébrer ce samedi 20 avril, la dédicace du livre aura lieu de 11h30 à 12h30, vous ne voudrez pas la manquer !</span></span> <span class="jCAhz ChMk0b"><span class="ryNqvb">😉</span></span></p>
<p><span class="jCAhz ChMk0b"><span class="ryNqvb">📍Devant son magasin.</span></span></p>

<!-- This site is optimized with the Yoast SEO plugin v22.2 - https://yoast.com/wordpress/plugins/seo/ -->
<title>Signatures Sant Jordi - FNAC - Espai Gironès</title>
<meta name="robots" content="index, follow, max-snippet:-1, max-image-preview:large, max-video-preview:-1" />
<link rel="canonical" href="https://www.espaigirones.com/fr/events/signatures-sant-jordi-fnac/" />
<meta property="og:locale" content="fr_FR" />
<meta property="og:type" content="article" />
<meta property="og:title" content="Signatures Sant Jordi - FNAC - Espai Gironès" />
<meta property="og:description" content="Ce samedi vous avez rendez-vous à la Fnac dans l&rsquo;Espai Gironès, où il se passe toujours des choses intéressantes 😏 Nous nous dirigeons vers Sant Jordi et pour célébrer ce samedi 20 avril, la dédicace du livre aura lieu de 11h30 à 12h30, vous ne voudrez pas la manquer ! 😉 📍Devant son magasin." />
<meta property="og:url" content="https://www.espaigirones.com/fr/events/signatures-sant-jordi-fnac/" />
<meta property="og:site_name" content="Espai Gironès" />
<meta property="article:modified_time" content="2024-04-17T11:06:13+00:00" />
<meta property="og:image" content="https://www.espaigirones.com/wp-content/uploads/sites/11/2024/04/POST_Girona_20abril_SJ24.jpg" />
	<meta property="og:image:width" content="1080" />
	<meta property="og:image:height" content="1080" />
	<meta property="og:image:type" content="image/jpeg" />
<meta name="twitter:card" content="summary_large_image" />
<meta name="twitter:label1" content="Durée de lecture estimée" />
	<meta name="twitter:data1" content="1 minute" />
<script type="application/ld+json" class="yoast-schema-graph">{"@context":"https://schema.org","@graph":[{"@type":"WebPage","@id":"https://www.espaigirones.com/fr/events/signatures-sant-jordi-fnac/","url":"https://www.espaigirones.com/fr/events/signatures-sant-jordi-fnac/","name":"Signatures Sant Jordi - FNAC - Espai Gironès","isPartOf":{"@id":"https://www.espaigirones.com/#website"},"primaryImageOfPage":{"@id":"https://www.espaigirones.com/fr/events/signatures-sant-jordi-fnac/#primaryimage"},"image":{"@id":"https://www.espaigirones.com/fr/events/signatures-sant-jordi-fnac/#primaryimage"},"thumbnailUrl":"https://www.espaigirones.com/wp-content/uploads/sites/11/2024/04/POST_Girona_20abril_SJ24.jpg","datePublished":"2024-04-17T10:58:05+00:00","dateModified":"2024-04-17T11:06:13+00:00","breadcrumb":{"@id":"https://www.espaigirones.com/fr/events/signatures-sant-jordi-fnac/#breadcrumb"},"inLanguage":"fr-FR","potentialAction":[{"@type":"ReadAction","target":["https://www.espaigirones.com/fr/events/signatures-sant-jordi-fnac/"]}]},{"@type":"ImageObject","inLanguage":"fr-FR","@id":"https://www.espaigirones.com/fr/events/signatures-sant-jordi-fnac/#primaryimage","url":"https://www.espaigirones.com/wp-content/uploads/sites/11/2024/04/POST_Girona_20abril_SJ24.jpg","contentUrl":"https://www.espaigirones.com/wp-content/uploads/sites/11/2024/04/POST_Girona_20abril_SJ24.jpg","width":1080,"height":1080},{"@type":"BreadcrumbList","@id":"https://www.espaigirones.com/fr/events/signatures-sant-jordi-fnac/#breadcrumb","itemListElement":[{"@type":"ListItem","position":1,"name":"Events","item":"https://www.espaigirones.com/events/"},{"@type":"ListItem","position":2,"name":"Signatures Sant Jordi &#8211; FNAC"}]},{"@type":"WebSite","@id":"https://www.espaigirones.com/#website","url":"https://www.espaigirones.com/","name":"Espai Gironès","description":"","potentialAction":[{"@type":"SearchAction","target":{"@type":"EntryPoint","urlTemplate":"https://www.espaigirones.com/?s={search_term_string}"},"query-input":"required name=search_term_string"}],"inLanguage":"fr-FR"}]}</script>
<!-- / Yoast SEO plugin. -->

Signatures Sant Jordi - FNAC - Espai Gironès

Ce samedi vous avez rendez-vous à la Fnac dans l&rsquo;Espai Gironès, où il se passe toujours des choses intéressantes 😏 Nous nous dirigeons vers Sant Jordi et pour célébrer ce samedi 20 avril, la dédicace du livre aura lieu de 11h30 à 12h30, vous ne voudrez pas la manquer ! 😉 📍Devant son magasin.

Espai Gironès
